{"id":78,"date":"2022-11-17T15:32:12","date_gmt":"2022-11-17T21:32:12","guid":{"rendered":"https:\/\/cuidaturenta.com\/?page_id=78"},"modified":"2023-03-03T05:15:56","modified_gmt":"2023-03-03T11:15:56","slug":"nuestras-coberturas","status":"publish","type":"page","link":"https:\/\/cuidaturenta.com\/index.php\/nuestras-coberturas\/","title":{"rendered":"Nuestras coberturas"},"content":{"rendered":"\t\t<div data-elementor-type=\"wp-page\" data-elementor-id=\"78\" class=\"elementor elementor-78\">\n\t\t\t\t\t\t\t\t\t<section class=\"elementor-section elementor-top-section elementor-element elementor-element-25243d5 elementor-section-content-middle elementor-section-full_width elementor-reverse-mobile elementor-reverse-tablet elementor-section-height-default elementor-section-height-default\" data-id=\"25243d5\" data-element_type=\"section\" data-settings=\"{&quot;background_background&quot;:&quot;classic&quot;}\">\n\t\t\t\t\t\t<div class=\"elementor-container elementor-column-gap-no\">\n\t\t\t\t\t<div class=\"aux-parallax-section elementor-column elementor-col-50 elementor-top-column elementor-element elementor-element-3f7a3bd8\" data-id=\"3f7a3bd8\" data-element_type=\"column\">\n\t\t\t<div class=\"elementor-widget-wrap elementor-element-populated\">\n\t\t\t\t\t\t\t\t<div class=\"elementor-element elementor-element-5983a3b1 elementor-widget elementor-widget-image\" data-id=\"5983a3b1\" data-element_type=\"widget\" data-widget_type=\"image.default\">\n\t\t\t\t<div class=\"elementor-widget-container\">\n\t\t\t<style>\/*! elementor - v3.11.1 - 15-02-2023 *\/\n.elementor-widget-image{text-align:center}.elementor-widget-image a{display:inline-block}.elementor-widget-image a img[src$=\".svg\"]{width:48px}.elementor-widget-image img{vertical-align:middle;display:inline-block}<\/style>\t\t\t\t\t\t\t\t\t\t\t\t<img decoding=\"async\" width=\"1024\" height=\"606\" src=\"https:\/\/cuidaturenta.com\/wp-content\/uploads\/2022\/11\/Screen-Shot-2022-11-17-at-18.22.43-1024x606.png\" class=\"attachment-large size-large wp-image-51\" alt=\"\" loading=\"lazy\" srcset=\"https:\/\/cuidaturenta.com\/wp-content\/uploads\/2022\/11\/Screen-Shot-2022-11-17-at-18.22.43-1024x606.png 1024w, https:\/\/cuidaturenta.com\/wp-content\/uploads\/2022\/11\/Screen-Shot-2022-11-17-at-18.22.43-300x177.png 300w, https:\/\/cuidaturenta.com\/wp-content\/uploads\/2022\/11\/Screen-Shot-2022-11-17-at-18.22.43-768x454.png 768w, https:\/\/cuidaturenta.com\/wp-content\/uploads\/2022\/11\/Screen-Shot-2022-11-17-at-18.22.43.png 1302w\" sizes=\"(max-width: 1024px) 100vw, 1024px\" \/>\t\t\t\t\t\t\t\t\t\t\t\t\t\t\t<\/div>\n\t\t\t\t<\/div>\n\t\t\t\t\t<\/div>\n\t\t<\/div>\n\t\t\t\t<div class=\"aux-parallax-section elementor-column elementor-col-50 elementor-top-column elementor-element elementor-element-6a2bce4\" data-id=\"6a2bce4\" data-element_type=\"column\">\n\t\t\t<div class=\"elementor-widget-wrap elementor-element-populated\">\n\t\t\t\t\t\t\t\t<div class=\"elementor-element elementor-element-3f3b6d9a elementor-widget__width-initial elementor-widget elementor-widget-heading\" data-id=\"3f3b6d9a\" data-element_type=\"widget\" data-widget_type=\"heading.default\">\n\t\t\t\t<div class=\"elementor-widget-container\">\n\t\t\t<style>\/*! elementor - v3.11.1 - 15-02-2023 *\/\n.elementor-heading-title{padding:0;margin:0;line-height:1}.elementor-widget-heading .elementor-heading-title[class*=elementor-size-]>a{color:inherit;font-size:inherit;line-height:inherit}.elementor-widget-heading .elementor-heading-title.elementor-size-small{font-size:15px}.elementor-widget-heading .elementor-heading-title.elementor-size-medium{font-size:19px}.elementor-widget-heading .elementor-heading-title.elementor-size-large{font-size:29px}.elementor-widget-heading .elementor-heading-title.elementor-size-xl{font-size:39px}.elementor-widget-heading .elementor-heading-title.elementor-size-xxl{font-size:59px}<\/style><h1 class=\"elementor-heading-title elementor-size-default\"><b>Nuestras Coberturas<\/b><\/h1>\t\t<\/div>\n\t\t\t\t<\/div>\n\t\t\t\t<div class=\"elementor-element elementor-element-125e790d elementor-widget elementor-widget-text-editor\" data-id=\"125e790d\" data-element_type=\"widget\" data-widget_type=\"text-editor.default\">\n\t\t\t\t<div class=\"elementor-widget-container\">\n\t\t\t<style>\/*! elementor - v3.11.1 - 15-02-2023 *\/\n.elementor-widget-text-editor.elementor-drop-cap-view-stacked .elementor-drop-cap{background-color:#818a91;color:#fff}.elementor-widget-text-editor.elementor-drop-cap-view-framed .elementor-drop-cap{color:#818a91;border:3px solid;background-color:transparent}.elementor-widget-text-editor:not(.elementor-drop-cap-view-default) .elementor-drop-cap{margin-top:8px}.elementor-widget-text-editor:not(.elementor-drop-cap-view-default) .elementor-drop-cap-letter{width:1em;height:1em}.elementor-widget-text-editor .elementor-drop-cap{float:left;text-align:center;line-height:1;font-size:50px}.elementor-widget-text-editor .elementor-drop-cap-letter{display:inline-block}<\/style>\t\t\t\t\t\t\t\t\t\t<\/div>\n\t\t\t\t<\/div>\n\t\t\t\t<div class=\"elementor-element elementor-element-0681fb7 elementor-widget elementor-widget-text-editor\" data-id=\"0681fb7\" data-element_type=\"widget\" data-widget_type=\"text-editor.default\">\n\t\t\t\t<div class=\"elementor-widget-container\">\n\t\t\t\t\t\t\t<p>Contamos \u00fanicamente con tres productos los cuales son:\u00a0<\/p><ul><li>Contrato de Arrendamiento<\/li><\/ul><ul><li>P\u00f3liza Jur\u00eddica Plus<\/li><\/ul><ul><li>P\u00f3liza Jur\u00eddica Full.<\/li><\/ul><p>Estos incluyen:<\/p>\t\t\t\t\t\t<\/div>\n\t\t\t\t<\/div>\n\t\t\t\t\t<\/div>\n\t\t<\/div>\n\t\t\t\t\t\t\t<\/div>\n\t\t<\/section>\n\t\t\t\t<section class=\"elementor-section elementor-top-section elementor-element elementor-element-430f9a3b elementor-section-content-middle elementor-section-full_width elementor-section-height-default elementor-section-height-default\" data-id=\"430f9a3b\" data-element_type=\"section\" data-settings=\"{&quot;background_background&quot;:&quot;classic&quot;}\">\n\t\t\t\t\t\t<div class=\"elementor-container elementor-column-gap-no\">\n\t\t\t\t\t<div class=\"aux-parallax-section elementor-column elementor-col-50 elementor-top-column elementor-element elementor-element-19f7ffb4\" data-id=\"19f7ffb4\" data-element_type=\"column\">\n\t\t\t<div class=\"elementor-widget-wrap elementor-element-populated\">\n\t\t\t\t\t\t\t\t<div class=\"elementor-element elementor-element-570b467f elementor-widget elementor-widget-heading\" data-id=\"570b467f\" data-element_type=\"widget\" data-widget_type=\"heading.default\">\n\t\t\t\t<div class=\"elementor-widget-container\">\n\t\t\t<h1 class=\"elementor-heading-title elementor-size-xxl\"><b>Prevenci\u00f3n<\/b><\/h1>\t\t<\/div>\n\t\t\t\t<\/div>\n\t\t\t\t<div class=\"elementor-element elementor-element-15f45c48 elementor-widget elementor-widget-text-editor\" data-id=\"15f45c48\" data-element_type=\"widget\" data-widget_type=\"text-editor.default\">\n\t\t\t\t<div class=\"elementor-widget-container\">\n\t\t\t\t\t\t\t<ul><li>Investigaci\u00f3n de Arrendatario<\/li><li>Investigador de Fiador u Obligado Solidario<\/li><li>Investigaci\u00f3n de Garant\u00edas (Escrituras)<\/li><li>Emisi\u00f3n de Reporte de Viabilidad<\/li><\/ul>\t\t\t\t\t\t<\/div>\n\t\t\t\t<\/div>\n\t\t\t\t\t<\/div>\n\t\t<\/div>\n\t\t\t\t<div class=\"aux-parallax-section elementor-column elementor-col-50 elementor-top-column elementor-element elementor-element-2ebda2d4\" data-id=\"2ebda2d4\" data-element_type=\"column\">\n\t\t\t<div class=\"elementor-widget-wrap elementor-element-populated\">\n\t\t\t\t\t\t\t\t<div class=\"elementor-element elementor-element-25c48c8f elementor-widget elementor-widget-image\" data-id=\"25c48c8f\" data-element_type=\"widget\" data-widget_type=\"image.default\">\n\t\t\t\t<div class=\"elementor-widget-container\">\n\t\t\t\t\t\t\t\t\t\t\t\t\t\t\t<img decoding=\"async\" width=\"1536\" height=\"1024\" src=\"https:\/\/cuidaturenta.com\/wp-content\/uploads\/2023\/02\/screen_2x-1536x1024.jpg\" class=\"attachment-1536x1536 size-1536x1536 wp-image-348\" alt=\"\" loading=\"lazy\" srcset=\"https:\/\/cuidaturenta.com\/wp-content\/uploads\/2023\/02\/screen_2x-1536x1024.jpg 1536w, https:\/\/cuidaturenta.com\/wp-content\/uploads\/2023\/02\/screen_2x.jpg 1600w\" sizes=\"(max-width: 1536px) 100vw, 1536px\" \/>\t\t\t\t\t\t\t\t\t\t\t\t\t\t\t<\/div>\n\t\t\t\t<\/div>\n\t\t\t\t\t<\/div>\n\t\t<\/div>\n\t\t\t\t\t\t\t<\/div>\n\t\t<\/section>\n\t\t\t\t<section class=\"elementor-section elementor-top-section elementor-element elementor-element-29ef29d7 elementor-section-content-middle elementor-section-full_width elementor-reverse-mobile elementor-section-height-default elementor-section-height-default\" data-id=\"29ef29d7\" data-element_type=\"section\" data-settings=\"{&quot;background_background&quot;:&quot;classic&quot;}\">\n\t\t\t\t\t\t<div class=\"elementor-container elementor-column-gap-no\">\n\t\t\t\t\t<div class=\"aux-parallax-section elementor-column elementor-col-50 elementor-top-column elementor-element elementor-element-462aa7d8\" data-id=\"462aa7d8\" data-element_type=\"column\">\n\t\t\t<div class=\"elementor-widget-wrap elementor-element-populated\">\n\t\t\t\t\t\t\t\t<div class=\"elementor-element elementor-element-13eceac1 elementor-widget elementor-widget-image\" data-id=\"13eceac1\" data-element_type=\"widget\" data-widget_type=\"image.default\">\n\t\t\t\t<div class=\"elementor-widget-container\">\n\t\t\t\t\t\t\t\t\t\t\t\t\t\t\t<img decoding=\"async\" width=\"1536\" height=\"1199\" src=\"https:\/\/cuidaturenta.com\/wp-content\/uploads\/2023\/02\/screen_2x-1-1536x1199.jpg\" class=\"attachment-1536x1536 size-1536x1536 wp-image-349\" alt=\"\" loading=\"lazy\" srcset=\"https:\/\/cuidaturenta.com\/wp-content\/uploads\/2023\/02\/screen_2x-1-1536x1199.jpg 1536w, https:\/\/cuidaturenta.com\/wp-content\/uploads\/2023\/02\/screen_2x-1.jpg 1600w\" sizes=\"(max-width: 1536px) 100vw, 1536px\" \/>\t\t\t\t\t\t\t\t\t\t\t\t\t\t\t<\/div>\n\t\t\t\t<\/div>\n\t\t\t\t<div class=\"elementor-element elementor-element-f6270d8 elementor-widget elementor-widget-spacer\" data-id=\"f6270d8\" data-element_type=\"widget\" data-widget_type=\"spacer.default\">\n\t\t\t\t<div class=\"elementor-widget-container\">\n\t\t\t<style>\/*! elementor - v3.11.1 - 15-02-2023 *\/\n.elementor-column .elementor-spacer-inner{height:var(--spacer-size)}.e-con{--container-widget-width:100%}.e-con-inner>.elementor-widget-spacer,.e-con>.elementor-widget-spacer{width:var(--container-widget-width,var(--spacer-size));--align-self:var(--container-widget-align-self,initial);--flex-shrink:0}.e-con-inner>.elementor-widget-spacer>.elementor-widget-container,.e-con-inner>.elementor-widget-spacer>.elementor-widget-container>.elementor-spacer,.e-con>.elementor-widget-spacer>.elementor-widget-container,.e-con>.elementor-widget-spacer>.elementor-widget-container>.elementor-spacer{height:100%}.e-con-inner>.elementor-widget-spacer>.elementor-widget-container>.elementor-spacer>.elementor-spacer-inner,.e-con>.elementor-widget-spacer>.elementor-widget-container>.elementor-spacer>.elementor-spacer-inner{height:var(--container-widget-height,var(--spacer-size))}<\/style>\t\t<div class=\"elementor-spacer\">\n\t\t\t<div class=\"elementor-spacer-inner\"><\/div>\n\t\t<\/div>\n\t\t\t\t<\/div>\n\t\t\t\t<\/div>\n\t\t\t\t\t<\/div>\n\t\t<\/div>\n\t\t\t\t<div class=\"aux-parallax-section elementor-column elementor-col-50 elementor-top-column elementor-element elementor-element-4a576c7e\" data-id=\"4a576c7e\" data-element_type=\"column\">\n\t\t\t<div class=\"elementor-widget-wrap elementor-element-populated\">\n\t\t\t\t\t\t\t\t<div class=\"elementor-element elementor-element-11b17a08 elementor-widget elementor-widget-heading\" data-id=\"11b17a08\" data-element_type=\"widget\" data-widget_type=\"heading.default\">\n\t\t\t\t<div class=\"elementor-widget-container\">\n\t\t\t<h2 class=\"elementor-heading-title elementor-size-default\">Protecci\u00f3n<\/h2>\t\t<\/div>\n\t\t\t\t<\/div>\n\t\t\t\t<div class=\"elementor-element elementor-element-1bcdc5c7 elementor-widget elementor-widget-text-editor\" data-id=\"1bcdc5c7\" data-element_type=\"widget\" data-widget_type=\"text-editor.default\">\n\t\t\t\t<div class=\"elementor-widget-container\">\n\t\t\t\t\t\t\t<ul><li>Elaboraci\u00f3n de Contrato<\/li><li>Elaboraci\u00f3n de Pagar\u00e9s *<\/li><li>Impresi\u00f3n de inventario (Recepci\u00f3n en PDF)<\/li><li>Asistencia a la firma de contrato o firma electr\u00f3nica<\/li><li>Mediaci\u00f3n durante la vigencia del contrato<\/li><li><span lang=\"ES-MX\" xml:lang=\"ES-MX\" data-contrast=\"auto\">Elaboraci\u00f3n del convenio de rescisi\u00f3n o acta entrega del Inmueble **<\/span><span data-ccp-props=\"{}\">\u00a0<\/span><\/li><li><span lang=\"ES-MX\" xml:lang=\"ES-MX\" data-contrast=\"auto\">Asesoria Ley Nacional de Extinci\u00f3n de Dominio<\/span><span data-ccp-props=\"{}\">\u00a0<\/span><\/li><li><span lang=\"ES-MX\" xml:lang=\"ES-MX\" data-contrast=\"auto\">Seguro de da\u00f1os responsabilidad Civil Arrendatario<\/span><\/li><\/ul><p><span data-contrast=\"auto\"><b>*<\/b>Indispensable cuando se hace el tramite con obligado solidario.<\/span><span data-ccp-props=\"{}\">\u00a0<\/span><\/p><p><span data-contrast=\"auto\"><b>**<\/b> Si existen incumplimientos, solicitar la cita para presentarnos a la entrega.<\/span><span data-ccp-props=\"{}\">\u00a0<\/span><\/p>\t\t\t\t\t\t<\/div>\n\t\t\t\t<\/div>\n\t\t\t\t<div class=\"elementor-element elementor-element-af9224e elementor-widget elementor-widget-spacer\" data-id=\"af9224e\" data-element_type=\"widget\" data-widget_type=\"spacer.default\">\n\t\t\t\t<div class=\"elementor-widget-container\">\n\t\t\t\t\t<div class=\"elementor-spacer\">\n\t\t\t<div class=\"elementor-spacer-inner\"><\/div>\n\t\t<\/div>\n\t\t\t\t<\/div>\n\t\t\t\t<\/div>\n\t\t\t\t\t<\/div>\n\t\t<\/div>\n\t\t\t\t\t\t\t<\/div>\n\t\t<\/section>\n\t\t\t\t<section class=\"elementor-section elementor-top-section elementor-element elementor-element-40623543 elementor-section-content-middle elementor-section-full_width elementor-section-height-default elementor-section-height-default\" data-id=\"40623543\" data-element_type=\"section\" data-settings=\"{&quot;background_background&quot;:&quot;classic&quot;}\">\n\t\t\t\t\t\t<div class=\"elementor-container elementor-column-gap-no\">\n\t\t\t\t\t<div class=\"aux-parallax-section elementor-column elementor-col-50 elementor-top-column elementor-element elementor-element-4b5eec57\" data-id=\"4b5eec57\" data-element_type=\"column\">\n\t\t\t<div class=\"elementor-widget-wrap elementor-element-populated\">\n\t\t\t\t\t\t\t\t<div class=\"elementor-element elementor-element-3449f90a elementor-widget elementor-widget-heading\" data-id=\"3449f90a\" data-element_type=\"widget\" data-widget_type=\"heading.default\">\n\t\t\t\t<div class=\"elementor-widget-container\">\n\t\t\t<h1 class=\"elementor-heading-title elementor-size-xxl\">Soluci\u00f3n<\/h1>\t\t<\/div>\n\t\t\t\t<\/div>\n\t\t\t\t<div class=\"elementor-element elementor-element-2131e759 elementor-widget elementor-widget-text-editor\" data-id=\"2131e759\" data-element_type=\"widget\" data-widget_type=\"text-editor.default\">\n\t\t\t\t<div class=\"elementor-widget-container\">\n\t\t\t\t\t\t\t<p><span style=\"color: #333399;\"><strong><span style=\"text-decoration: underline;\"><em><span class=\"TextRun MacChromeBold SCXW179818625 BCX0\" lang=\"ES-MX\" xml:lang=\"ES-MX\" data-contrast=\"auto\"><span class=\"NormalTextRun SCXW179818625 BCX0\">Via<\/span><span class=\"NormalTextRun SCXW179818625 BCX0\"> Extrajudicial<\/span><\/span><span class=\"EOP SCXW179818625 BCX0\" data-ccp-props=\"{}\">\u00a0<\/span><\/em><\/span><\/strong><\/span><\/p><ul><li><span class=\"TextRun SCXW219796790 BCX0\" lang=\"ES-MX\" xml:lang=\"ES-MX\" data-contrast=\"auto\"><span class=\"NormalTextRun SCXW219796790 BCX0\">Cobranza de rentas no pagadas.<\/span><\/span><span class=\"EOP SCXW219796790 BCX0\" data-ccp-props=\"{}\">\u00a0<\/span><\/li><li><span class=\"TextRun SCXW163264479 BCX0\" lang=\"ES-MX\" xml:lang=\"ES-MX\" data-contrast=\"auto\"><span class=\"NormalTextRun SCXW163264479 BCX0\">Cobranza de adeudos en servicios<\/span><\/span><span class=\"EOP SCXW163264479 BCX0\" data-ccp-props=\"{}\">\u00a0<\/span><\/li><li><span class=\"TextRun SCXW115689443 BCX0\" lang=\"ES-MX\" xml:lang=\"ES-MX\" data-contrast=\"auto\"><span class=\"NormalTextRun SCXW115689443 BCX0\">Cobranza de da\u00f1os a la propiedad<\/span><\/span><span class=\"EOP SCXW115689443 BCX0\" data-ccp-props=\"{}\">\u00a0<\/span><\/li><\/ul><p><span style=\"color: #333399;\"><strong><span style=\"text-decoration: underline;\"><em>V\u00eda Judicial<\/em><\/span><\/strong><\/span><\/p><ul><li><span class=\"TextRun SCXW48696532 BCX0\" lang=\"ES-MX\" xml:lang=\"ES-MX\" data-contrast=\"auto\"><span class=\"NormalTextRun SCXW48696532 BCX0\">Desalojo en caso de incumplimiento<\/span><\/span><span class=\"EOP SCXW48696532 BCX0\" data-ccp-props=\"{}\">\u00a0<\/span><\/li><li><span class=\"TextRun SCXW96866076 BCX0\" lang=\"ES-MX\" xml:lang=\"ES-MX\" data-contrast=\"auto\"><span class=\"NormalTextRun SCXW96866076 BCX0\">Recuperaci\u00f3n del Inmueble en caso de Abandono<\/span><\/span><span class=\"EOP SCXW96866076 BCX0\" data-ccp-props=\"{}\">\u00a0<\/span><\/li><li><span class=\"TextRun SCXW181040042 BCX0\" lang=\"ES-MX\" xml:lang=\"ES-MX\" data-contrast=\"auto\"><span class=\"NormalTextRun SCXW181040042 BCX0\">Recuperacion<\/span><span class=\"NormalTextRun SCXW181040042 BCX0\"> de rentas no pagadas<\/span><\/span><span class=\"EOP SCXW181040042 BCX0\" data-ccp-props=\"{}\">\u00a0<\/span><\/li><li><span class=\"TextRun SCXW257502733 BCX0\" lang=\"ES-MX\" xml:lang=\"ES-MX\" data-contrast=\"auto\"><span class=\"NormalTextRun SCXW257502733 BCX0\">Recuperacion<\/span><span class=\"NormalTextRun SCXW257502733 BCX0\"> de adeudos en servicios<\/span><\/span><span class=\"EOP SCXW257502733 BCX0\" data-ccp-props=\"{}\">\u00a0<\/span><\/li><li><span class=\"TextRun SCXW168424054 BCX0\" lang=\"ES-MX\" xml:lang=\"ES-MX\" data-contrast=\"auto\"><span class=\"NormalTextRun SCXW168424054 BCX0\">Recuperaci\u00f3n de da\u00f1os a la propiedad ***<\/span><\/span><span class=\"EOP SCXW168424054 BCX0\" data-ccp-props=\"{}\">\u00a0<\/span><\/li><\/ul><ul><li><span class=\"TextRun SCXW156978988 BCX0\" lang=\"ES-MX\" xml:lang=\"ES-MX\" data-contrast=\"auto\"><span class=\"NormalTextRun SCXW156978988 BCX0\">Juicio de amparo para ley Nacional Extinci\u00f3n de Dominio<\/span><\/span><\/li><\/ul><p><span data-contrast=\"auto\">*** Solo aplica en caso de contratos con fiador.<\/span><span data-ccp-props=\"{}\">\u00a0<\/span><\/p>\t\t\t\t\t\t<\/div>\n\t\t\t\t<\/div>\n\t\t\t\t\t<\/div>\n\t\t<\/div>\n\t\t\t\t<div class=\"aux-parallax-section elementor-column elementor-col-50 elementor-top-column elementor-element elementor-element-316f2a4c\" data-id=\"316f2a4c\" data-element_type=\"column\">\n\t\t\t<div class=\"elementor-widget-wrap elementor-element-populated\">\n\t\t\t\t\t\t\t\t<div class=\"elementor-element elementor-element-6e565871 elementor-widget elementor-widget-image\" data-id=\"6e565871\" data-element_type=\"widget\" data-widget_type=\"image.default\">\n\t\t\t\t<div class=\"elementor-widget-container\">\n\t\t\t\t\t\t\t\t\t\t\t\t\t\t\t<img decoding=\"async\" width=\"280\" height=\"180\" src=\"https:\/\/cuidaturenta.com\/wp-content\/uploads\/2023\/02\/screen_2x-copy-2-280x180.jpg\" class=\"attachment-post-thumbnail size-post-thumbnail wp-image-354\" alt=\"\" loading=\"lazy\" \/>\t\t\t\t\t\t\t\t\t\t\t\t\t\t\t<\/div>\n\t\t\t\t<\/div>\n\t\t\t\t\t<\/div>\n\t\t<\/div>\n\t\t\t\t\t\t\t<\/div>\n\t\t<\/section>\n\t\t\t\t<section class=\"elementor-section elementor-top-section elementor-element elementor-element-7d9a902c elementor-section-content-middle elementor-reverse-tablet elementor-reverse-mobile elementor-section-boxed elementor-section-height-default elementor-section-height-default\" data-id=\"7d9a902c\" data-element_type=\"section\" data-settings=\"{&quot;background_background&quot;:&quot;classic&quot;}\">\n\t\t\t\t\t\t<div class=\"elementor-container elementor-column-gap-no\">\n\t\t\t\t\t<div class=\"aux-parallax-section elementor-column elementor-col-100 elementor-top-column elementor-element elementor-element-625a5534\" data-id=\"625a5534\" data-element_type=\"column\">\n\t\t\t<div class=\"elementor-widget-wrap elementor-element-populated\">\n\t\t\t\t\t\t\t\t<div class=\"elementor-element elementor-element-1af8401d elementor-widget elementor-widget-heading\" data-id=\"1af8401d\" data-element_type=\"widget\" data-widget_type=\"heading.default\">\n\t\t\t\t<div class=\"elementor-widget-container\">\n\t\t\t<h3 class=\"elementor-heading-title elementor-size-default\">\u00a1ES MOMENTO DE QUE CUIDES TU RENTA!<\/h3>\t\t<\/div>\n\t\t\t\t<\/div>\n\t\t\t\t<div class=\"elementor-element elementor-element-118cd39d elementor-widget elementor-widget-text-editor\" data-id=\"118cd39d\" data-element_type=\"widget\" data-widget_type=\"text-editor.default\">\n\t\t\t\t<div class=\"elementor-widget-container\">\n\t\t\t\t\t\t\t<p>Para una atenci\u00f3n m\u00e1s personalizada, dale clic al bot\u00f3n de abajo<\/p>\t\t\t\t\t\t<\/div>\n\t\t\t\t<\/div>\n\t\t\t\t<div class=\"elementor-element elementor-element-b26887f elementor-mobile-align-center elementor-align-center elementor-widget elementor-widget-button\" data-id=\"b26887f\" data-element_type=\"widget\" data-widget_type=\"button.default\">\n\t\t\t\t<div class=\"elementor-widget-container\">\n\t\t\t\t\t<div class=\"elementor-button-wrapper\">\n\t\t\t<a href=\"https:\/\/wa.me\/message\/FBBC25VJX2NUC1\" class=\"elementor-button-link elementor-button elementor-size-sm\" role=\"button\" id=\"email\">\n\t\t\t\t\t\t<span class=\"elementor-button-content-wrapper\">\n\t\t\t\t\t\t<span class=\"elementor-button-text\">\u00a1Cont\u00e1ctanos!<\/span>\n\t\t<\/span>\n\t\t\t\t\t<\/a>\n\t\t<\/div>\n\t\t\t\t<\/div>\n\t\t\t\t<\/div>\n\t\t\t\t\t<\/div>\n\t\t<\/div>\n\t\t\t\t\t\t\t<\/div>\n\t\t<\/section>\n\t\t\t\t\t\t\t<\/div>\n\t\t","protected":false},"excerpt":{"rendered":"<p>Nuestras Coberturas Contamos \u00fanicamente con tres productos los cuales son:\u00a0 Contrato de Arrendamiento P\u00f3liza Jur\u00eddica Plus P\u00f3liza Jur\u00eddica Full. Estos incluyen: Prevenci\u00f3n Investigaci\u00f3n de Arrendatario Investigador de Fiador u Obligado Solidario Investigaci\u00f3n de Garant\u00edas (Escrituras) Emisi\u00f3n de Reporte de Viabilidad Protecci\u00f3n Elaboraci\u00f3n de Contrato Elaboraci\u00f3n de Pagar\u00e9s * Impresi\u00f3n de inventario (Recepci\u00f3n en PDF) Asistencia [&hellip;]<\/p>\n","protected":false},"author":2,"featured_media":0,"parent":0,"menu_order":0,"comment_status":"closed","ping_status":"closed","template":"","meta":{"om_disable_all_campaigns":false,"_mi_skip_tracking":false},"aioseo_notices":[],"_links":{"self":[{"href":"https:\/\/cuidaturenta.com\/index.php\/wp-json\/wp\/v2\/pages\/78"}],"collection":[{"href":"https:\/\/cuidaturenta.com\/index.php\/wp-json\/wp\/v2\/pages"}],"about":[{"href":"https:\/\/cuidaturenta.com\/index.php\/wp-json\/wp\/v2\/types\/page"}],"author":[{"embeddable":true,"href":"https:\/\/cuidaturenta.com\/index.php\/wp-json\/wp\/v2\/users\/2"}],"replies":[{"embeddable":true,"href":"https:\/\/cuidaturenta.com\/index.php\/wp-json\/wp\/v2\/comments?post=78"}],"version-history":[{"count":23,"href":"https:\/\/cuidaturenta.com\/index.php\/wp-json\/wp\/v2\/pages\/78\/revisions"}],"predecessor-version":[{"id":492,"href":"https:\/\/cuidaturenta.com\/index.php\/wp-json\/wp\/v2\/pages\/78\/revisions\/492"}],"wp:attachment":[{"href":"https:\/\/cuidaturenta.com\/index.php\/wp-json\/wp\/v2\/media?parent=78"}],"curies":[{"name":"wp","href":"https:\/\/api.w.org\/{rel}","templated":true}]}}